[INFO] cloning repository https://github.com/pinkisemils/cps_cw2
[INFO] running `Command { std: "git" "-c" "credential.helper=" "-c" "credential.helper=/workspace/cargo-home/bin/git-credential-null" "clone" "--bare" "https://github.com/pinkisemils/cps_cw2" "/workspace/cache/git-repos/https%3A%2F%2Fgithub.com%2Fpinkisemils%2Fcps_cw2", kill_on_drop: false }`
[INFO] [stderr] Cloning into bare repository '/workspace/cache/git-repos/https%3A%2F%2Fgithub.com%2Fpinkisemils%2Fcps_cw2'...
[INFO] running `Command { std: "git" "rev-parse" "HEAD", kill_on_drop: false }`
[INFO] [stdout] 1a50780458f45fee6e9869454a4157f3d310af64
[INFO] checking pinkisemils/cps_cw2 against try#72f88fc4e9458f89516a0b8b0868f3718aec5b47 for pr-74989
[INFO] running `Command { std: "git" "clone" "/workspace/cache/git-repos/https%3A%2F%2Fgithub.com%2Fpinkisemils%2Fcps_cw2" "/workspace/builds/worker-4/source", kill_on_drop: false }`
[INFO] [stderr] Cloning into '/workspace/builds/worker-4/source'...
[INFO] [stderr] done.
[INFO] validating manifest of git repo https://github.com/pinkisemils/cps_cw2 on toolchain 72f88fc4e9458f89516a0b8b0868f3718aec5b47
[INFO] running `Command { std: "/workspace/cargo-home/bin/cargo" "+72f88fc4e9458f89516a0b8b0868f3718aec5b47" "read-manifest" "--manifest-path" "Cargo.toml", kill_on_drop: false }`
[INFO] started tweaking git repo https://github.com/pinkisemils/cps_cw2
[INFO] finished tweaking git repo https://github.com/pinkisemils/cps_cw2
[INFO] tweaked toml for git repo https://github.com/pinkisemils/cps_cw2 written to /workspace/builds/worker-4/source/Cargo.toml
[INFO] crate git repo https://github.com/pinkisemils/cps_cw2 already has a lockfile, it will not be regenerated
[INFO] running `Command { std: "/workspace/cargo-home/bin/cargo" "+72f88fc4e9458f89516a0b8b0868f3718aec5b47" "fetch" "--locked" "--manifest-path" "Cargo.toml", kill_on_drop: false }`
[INFO] [stderr]  Downloading crates ...
[INFO] [stderr]   Downloaded pistoncore-event_loop v0.26.0
[INFO] [stderr]   Downloaded simd v0.1.1
[INFO] [stderr]   Downloaded piston-gfx_texture v0.18.0
[INFO] [stderr]   Downloaded odds v0.2.24
[INFO] [stderr]   Downloaded pistoncore-window v0.23.0
[INFO] [stderr]   Downloaded either v1.0.2
[INFO] [stderr]   Downloaded piston_window v0.57.0
[INFO] [stderr]   Downloaded itertools v0.5.6
[INFO] [stderr]   Downloaded shader_version v0.2.1
[INFO] [stderr]   Downloaded piston v0.26.0
[INFO] [stderr]   Downloaded gfx v0.12.1
[INFO] [stderr]   Downloaded piston2d-gfx_graphics v0.33.1
[INFO] [stderr]   Downloaded piston2d-graphics v0.19.0
[INFO] [stderr]   Downloaded piston2d-opengl_graphics v0.36.1
[INFO] [stderr]   Downloaded pistoncore-glutin_window v0.31.0
[INFO] [stderr]   Downloaded gleam v0.2.24
[INFO] running `Command { std: "docker" "create" "-v" "/var/lib/crater-agent-workspace/builds/worker-4/target:/opt/rustwide/target:rw,Z" "-v" "/var/lib/crater-agent-workspace/builds/worker-4/source:/opt/rustwide/workdir:ro,Z" "-v" "/var/lib/crater-agent-workspace/cargo-home:/opt/rustwide/cargo-home:ro,Z" "-v" "/var/lib/crater-agent-workspace/rustup-home:/opt/rustwide/rustup-home:ro,Z" "-e" "SOURCE_DIR=/opt/rustwide/workdir" "-e" "CARGO_TARGET_DIR=/opt/rustwide/target" "-e" "CARGO_HOME=/opt/rustwide/cargo-home" "-e" "RUSTUP_HOME=/opt/rustwide/rustup-home" "-w" "/opt/rustwide/workdir" "-m" "1610612736" "--user" "0:0" "--network" "none" "rustops/crates-build-env@sha256:d92eaeed33fa75130ca1ee6c8a01d1ffb62bac859dfdfb3450e3e5d1c0146529" "/opt/rustwide/cargo-home/bin/cargo" "+72f88fc4e9458f89516a0b8b0868f3718aec5b47" "metadata" "--no-deps" "--format-version=1", kill_on_drop: false }`
[INFO] [stdout] 5dcc4430e5a2ded69f7deca3b2e7a9c126c962f7af6cc812baaeee78584408b0
[INFO] [stderr] WARNING: Your kernel does not support swap limit capabilities or the cgroup is not mounted. Memory limited without swap.
[INFO] running `Command { std: "docker" "start" "-a" "5dcc4430e5a2ded69f7deca3b2e7a9c126c962f7af6cc812baaeee78584408b0", kill_on_drop: false }`
[INFO] running `Command { std: "docker" "inspect" "5dcc4430e5a2ded69f7deca3b2e7a9c126c962f7af6cc812baaeee78584408b0", kill_on_drop: false }`
[INFO] running `Command { std: "docker" "rm" "-f" "5dcc4430e5a2ded69f7deca3b2e7a9c126c962f7af6cc812baaeee78584408b0", kill_on_drop: false }`
[INFO] [stdout] 5dcc4430e5a2ded69f7deca3b2e7a9c126c962f7af6cc812baaeee78584408b0
[INFO] running `Command { std: "docker" "create" "-v" "/var/lib/crater-agent-workspace/builds/worker-4/target:/opt/rustwide/target:rw,Z" "-v" "/var/lib/crater-agent-workspace/builds/worker-4/source:/opt/rustwide/workdir:ro,Z" "-v" "/var/lib/crater-agent-workspace/cargo-home:/opt/rustwide/cargo-home:ro,Z" "-v" "/var/lib/crater-agent-workspace/rustup-home:/opt/rustwide/rustup-home:ro,Z" "-e" "SOURCE_DIR=/opt/rustwide/workdir" "-e" "CARGO_TARGET_DIR=/opt/rustwide/target" "-e" "CARGO_INCREMENTAL=0" "-e" "RUST_BACKTRACE=full" "-e" "RUSTFLAGS=--cap-lints=forbid" "-e" "CARGO_HOME=/opt/rustwide/cargo-home" "-e" "RUSTUP_HOME=/opt/rustwide/rustup-home" "-w" "/opt/rustwide/workdir" "-m" "1610612736" "--user" "0:0" "--network" "none" "rustops/crates-build-env@sha256:d92eaeed33fa75130ca1ee6c8a01d1ffb62bac859dfdfb3450e3e5d1c0146529" "/opt/rustwide/cargo-home/bin/cargo" "+72f88fc4e9458f89516a0b8b0868f3718aec5b47" "check" "--frozen" "--all" "--all-targets" "--message-format=json", kill_on_drop: false }`
[INFO] [stdout] 34e3b9581b9095752db0715f7cc13b616467e4d22ca97f522aa227aeff2895b4
[INFO] [stderr] WARNING: Your kernel does not support swap limit capabilities or the cgroup is not mounted. Memory limited without swap.
[INFO] running `Command { std: "docker" "start" "-a" "34e3b9581b9095752db0715f7cc13b616467e4d22ca97f522aa227aeff2895b4", kill_on_drop: false }`
[INFO] [stderr]     Checking libc v0.2.17
[INFO] [stderr]    Compiling bitflags v0.7.0
[INFO] [stderr]    Compiling phf_shared v0.7.19
[INFO] [stderr]    Compiling khronos_api v1.0.0
[INFO] [stderr]    Compiling log v0.3.6
[INFO] [stderr]    Compiling dtoa v0.2.2
[INFO] [stderr]    Compiling serde v0.8.17
[INFO] [stderr]    Compiling itoa v0.1.1
[INFO] [stderr]    Compiling num-traits v0.1.36
[INFO] [stderr]     Checking rustc-serialize v0.3.21
[INFO] [stderr]     Checking piston-float v0.2.0
[INFO] [stderr]    Compiling gcc v0.3.38
[INFO] [stderr]     Checking byteorder v0.5.3
[INFO] [stderr]     Checking bitflags v0.6.0
[INFO] [stderr]     Checking shader_version v0.2.1
[INFO] [stderr]     Checking lzw v0.10.0
[INFO] [stderr]     Checking crossbeam v0.2.10
[INFO] [stderr]    Compiling pkg-config v0.3.8
[INFO] [stderr]     Checking odds v0.2.24
[INFO] [stderr]     Checking inflate v0.1.1
[INFO] [stderr]     Checking scoped_threadpool v0.1.7
[INFO] [stderr]     Checking glob v0.2.11
[INFO] [stderr]     Checking linked-hash-map v0.0.10
[INFO] [stderr]     Checking interpolation v0.1.0
[INFO] [stderr]     Checking piston-shaders_graphics2d v0.2.1
[INFO] [stderr]     Checking piston-shaders_graphics2d v0.1.0
[INFO] [stderr]     Checking either v1.0.2
[INFO] [stderr]     Checking simd v0.1.1
[INFO] [stderr]     Checking num-integer v0.1.32
[INFO] [stderr]    Compiling xml-rs v0.3.4
[INFO] [stderr]    Compiling rustc_version v0.1.7
[INFO] [stderr]    Compiling phf v0.7.19
[INFO] [stderr]     Checking draw_state v0.6.0
[INFO] [stderr]     Checking piston-viewport v0.2.0
[INFO] [stderr]     Checking vecmath v0.2.0
[INFO] [stderr]     Checking gif v0.9.0
[INFO] [stderr]     Checking stb_truetype v0.2.0
[INFO] [stderr]     Checking rand v0.3.14
[INFO] [stderr]     Checking num_cpus v1.1.0
[INFO] [stdout] error[E0277]: the trait bound `U: Simd` is not satisfied
[INFO] [stdout]    --> /opt/rustwide/cargo-home/registry/src/github.com-1ecc6299db9ec823/simd-0.1.1/src/lib.rs:195:19
[INFO] [stdout]     |
[INFO] [stdout] 68  | pub unsafe trait Simd {
[INFO] [stdout]     |                  ---- required by a bound in this
[INFO] [stdout] 69  |     /// The corresponding boolean vector type.
[INFO] [stdout] 70  |     type Bool: Simd;
[INFO] [stdout]     |                ---- required by this bound in `Simd`
[INFO] [stdout] ...
[INFO] [stdout] 195 |     fn simd_eq<T: Simd<Bool = U>, U>(x: T, y: T) -> U;
[INFO] [stdout]     |                   ^^^^^^^^^^^^^^ the trait `Simd` is not implemented for `U`
[INFO] [stdout] 
[INFO] [stdout] 
[INFO] [stdout] error[E0277]: the trait bound `U: Simd` is not satisfied
[INFO] [stdout]    --> /opt/rustwide/cargo-home/registry/src/github.com-1ecc6299db9ec823/simd-0.1.1/src/lib.rs:196:19
[INFO] [stdout]     |
[INFO] [stdout] 68  | pub unsafe trait Simd {
[INFO] [stdout]     |                  ---- required by a bound in this
[INFO] [stdout] 69  |     /// The corresponding boolean vector type.
[INFO] [stdout] 70  |     type Bool: Simd;
[INFO] [stdout]     |                ---- required by this bound in `Simd`
[INFO] [stdout] ...
[INFO] [stdout] 196 |     fn simd_ne<T: Simd<Bool = U>, U>(x: T, y: T) -> U;
[INFO] [stdout]     |                   ^^^^^^^^^^^^^^ the trait `Simd` is not implemented for `U`
[INFO] [stdout] 
[INFO] [stdout] 
[INFO] [stdout] error[E0277]: the trait bound `U: Simd` is not satisfied
[INFO] [stdout]    --> /opt/rustwide/cargo-home/registry/src/github.com-1ecc6299db9ec823/simd-0.1.1/src/lib.rs:197:19
[INFO] [stdout]     |
[INFO] [stdout] 68  | pub unsafe trait Simd {
[INFO] [stdout]     |                  ---- required by a bound in this
[INFO] [stdout] 69  |     /// The corresponding boolean vector type.
[INFO] [stdout] 70  |     type Bool: Simd;
[INFO] [stdout]     |                ---- required by this bound in `Simd`
[INFO] [stdout] ...
[INFO] [stdout] 197 |     fn simd_lt<T: Simd<Bool = U>, U>(x: T, y: T) -> U;
[INFO] [stdout]     |                   ^^^^^^^^^^^^^^ the trait `Simd` is not implemented for `U`
[INFO] [stdout] 
[INFO] [stdout] 
[INFO] [stdout] error[E0277]: the trait bound `U: Simd` is not satisfied
[INFO] [stdout]    --> /opt/rustwide/cargo-home/registry/src/github.com-1ecc6299db9ec823/simd-0.1.1/src/lib.rs:198:19
[INFO] [stdout]     |
[INFO] [stdout] 68  | pub unsafe trait Simd {
[INFO] [stdout]     |                  ---- required by a bound in this
[INFO] [stdout] 69  |     /// The corresponding boolean vector type.
[INFO] [stdout] 70  |     type Bool: Simd;
[INFO] [stdout]     |                ---- required by this bound in `Simd`
[INFO] [stdout] ...
[INFO] [stdout] 198 |     fn simd_le<T: Simd<Bool = U>, U>(x: T, y: T) -> U;
[INFO] [stdout]     |                   ^^^^^^^^^^^^^^ the trait `Simd` is not implemented for `U`
[INFO] [stdout] 
[INFO] [stdout] 
[INFO] [stdout] error[E0277]: the trait bound `U: Simd` is not satisfied
[INFO] [stdout]    --> /opt/rustwide/cargo-home/registry/src/github.com-1ecc6299db9ec823/simd-0.1.1/src/lib.rs:199:19
[INFO] [stdout]     |
[INFO] [stdout] 68  | pub unsafe trait Simd {
[INFO] [stdout]     |                  ---- required by a bound in this
[INFO] [stdout] 69  |     /// The corresponding boolean vector type.
[INFO] [stdout] 70  |     type Bool: Simd;
[INFO] [stdout]     |                ---- required by this bound in `Simd`
[INFO] [stdout] ...
[INFO] [stdout] 199 |     fn simd_gt<T: Simd<Bool = U>, U>(x: T, y: T) -> U;
[INFO] [stdout]     |                   ^^^^^^^^^^^^^^ the trait `Simd` is not implemented for `U`
[INFO] [stdout] 
[INFO] [stdout] 
[INFO] [stdout] error[E0277]: the trait bound `U: Simd` is not satisfied
[INFO] [stdout]    --> /opt/rustwide/cargo-home/registry/src/github.com-1ecc6299db9ec823/simd-0.1.1/src/lib.rs:200:19
[INFO] [stdout]     |
[INFO] [stdout] 68  | pub unsafe trait Simd {
[INFO] [stdout]     |                  ---- required by a bound in this
[INFO] [stdout] 69  |     /// The corresponding boolean vector type.
[INFO] [stdout] 70  |     type Bool: Simd;
[INFO] [stdout]     |                ---- required by this bound in `Simd`
[INFO] [stdout] ...
[INFO] [stdout] 200 |     fn simd_ge<T: Simd<Bool = U>, U>(x: T, y: T) -> U;
[INFO] [stdout]     |                   ^^^^^^^^^^^^^^ the trait `Simd` is not implemented for `U`
[INFO] [stdout] 
[INFO] [stdout] 
[INFO] [stdout] error: aborting due to 6 previous errors
[INFO] [stdout] 
[INFO] [stdout] 
[INFO] [stdout] For more information about this error, try `rustc --explain E0277`.
[INFO] [stdout] 
[INFO] [stderr] error: could not compile `simd`.
[INFO] [stderr] 
[INFO] [stderr] To learn more, run the command again with --verbose.
[INFO] [stderr] warning: build failed, waiting for other jobs to finish...
[INFO] [stderr] error: build failed
[INFO] running `Command { std: "docker" "inspect" "34e3b9581b9095752db0715f7cc13b616467e4d22ca97f522aa227aeff2895b4", kill_on_drop: false }`
[INFO] running `Command { std: "docker" "rm" "-f" "34e3b9581b9095752db0715f7cc13b616467e4d22ca97f522aa227aeff2895b4", kill_on_drop: false }`
[INFO] [stdout] 34e3b9581b9095752db0715f7cc13b616467e4d22ca97f522aa227aeff2895b4
